64 is divided by a?
4
Suppose 3*b + 2*u - 66 - 11 = 0, -b + 3*u = -44. Calculate the remainder when b is divided by 2/(-3) - (-700)/60.
7
Let y(x) = 2*x - 12. Let m(n) = 5*n - 12 + 5 - 5 - 2*n. Let w(g) = -4*m(g) + 5*y(g). What is the remainder when 12 is divided by w(-10)?
4
Suppose 16*h + 16 = 8*h. Calculate the remainder when 24 is divided by 26/3*(-3)/h.
11
Let f be 0 + -2 + (16 - 10). Suppose -f*y = i - 332, 4*y + 4*i - 123 - 209 = 0. Calculate the remainder when y is divided by 17.
15
Suppose 2*c + 810 = 5*c. What is the remainder when c is divided by 21?
18
Suppose -2770 + 2280 = -7*t. Calculate the remainder when 354 is divided by t.
4
Let w be (-2)/(1/((-3)/2)). Let i be (-2)/17 - (-2898)/357. Suppose -p = -w*p + 4*s + 52, i = -4*s. Calculate the remainder when 43 is divided by p.
21
Let h = 84 + -79. Suppose 12*p = 4*p + 72. What is the remainder when p is divided by h?
4
Suppose -5*m = 3*w - 3, -w + 2*m = -3*w + 6. Suppose -3*y = -y - 42. Let v = y - w. Calculate the remainder when 59 is divided by v.
14
Suppose 3*h + 224 = c, 7*c + 226 = 8*c - 2*h. Calculate the remainder when c is divided by 71.
17
Let p(x) = -x**3 + 8*x**2 - 3*x - 13. Let s = 0 - -6. What is the remainder when 202 is divided by p(s)?
38
Suppose 2*a = -10, 3*j + 0*a - 3*a - 324 = 0. Let h(t) = 34*t + 225. Calculate the remainder when j is divided by h(-6).
19
Let a(u) = -2*u - 11. Let t be a(-8). Suppose -5*r + 6 = q - 19, -t*r - 4*q + 25 = 0. What is the remainder when r is divided by 2?
1
Let i = 723 - 707. What is the remainder when 158 is divided by i?
14
Let p = 36 + -23. Suppose -2*s = -2, 29 + 8 = k + 4*s. Calculate the remainder when k is divided by ((-3)/5 - (-8)/(-20)) + p.
9
Let c(n) = -n**2 + 10*n + 60. Calculate the remainder when 2*1/(-2) - -10 is divided by c(14).
1
Let x(r) = -151*r + 7. Calculate the remainder when x(0) is divided by 14/2 + (-2)/2.
1
Let n be 6/10*(-3 - -8*1). Suppose 36 = n*t - t. What is the remainder when 88 is divided by t?
16
Let g(z) = -8*z**2 - 126*z - 36. What is the remainder when g(-11) is divided by 43?
38
Let v(t) = -t + 1. Let z(h) = 24*h - 6. Let i(q) = -6*v(q) - z(q). Calculate the remainder when 142 is divided by i(-2).
34
Let z(i) = 2*i + 3. Let k(n) = -n**2 - n + 10. Let y be k(0). Let c = 15 - y. What is the remainder when 49 is divided by z(c)?
10
Let m(t) = 0*t + 8 + 4*t - 5*t + 2*t. Calculate the remainder when 35 is divided by m(4).
11
Suppose 3*o = o - 5*f - 2, 3*o - 4 = -4*f. Calculate the remainder when 82 is divided by o.
2
Suppose -5*k + z + 2 = 48, -2*z - 8 = 0. Let r(g) = 3*g**2 + 17*g + 20. What is the remainder when r(k) is divided by 17?
14
Let t = 25 + -21. Suppose 5*a - 22 = -t*w + 3*a, 4*w + 4*a = 16. What is the remainder when 8 is divided by w?
1
Suppose 34*m + 43 = 35*m. Calculate the remainder when m is divided by 14.
1
Let a(l) = -l**2 + 33*l - 91. Calculate the remainder when a(23) is divided by 14.
13
Let b = 2 + 2. Suppose 0 = 2*t + 2*t, -4*s + 8 = 4*t. Suppose b*x - 24 = -2*k, -2*x - k + 8 = -s*k. What is the remainder when 13 is divided by x?
3
What is the remainder when (-166)/(-6) - 7/(-21) is divided by (15 - 5) + -1 + -3?
4
Let w = -7 - -15. Let l(r) = -2 + 0 + 0*r + 0*r - r. What is the remainder when w is divided by l(-5)?
2
Suppose v = -4*w + 3*v + 10, -2*v = -2*w. Let k be (0 + -2 - (2 - 2))/(-2). Let f = 3 + k. What is the remainder when w is divided by f?
1
Suppose w + 7 = 5*z - 6, z - 7 = -2*w. Suppose 2*g = -u + 17, 4*u + u = -w*g + 29. What is the remainder when 18 is divided by g?
4
Let h(i) = i**3 - 26*i**2 - 25*i + 100. Calculate the remainder when h(27) is divided by 39.
37
Let g(d) = -d**3 - 8*d**2 + 8*d - 3. Let l be (-4)/14 + -4 + 132/(-28). Calculate the remainder when 13 is divided by g(l).
1
Suppose -469 = 9*c - 2*c. Let l = -59 - c. What is the remainder when 1/(((-2)/(-13))/2) is divided by l?
5
Let o = 4463 + -4454. Suppose -2*q + 3*y = -43, 3*y - 6*y - 69 = -3*q. What is the remainder when q is divided by o?
8
Suppose -309 + 81 = -6*w. Calculate the remainder when 109 is divided by w - (-2)/((-6)/3).
35
Let r(p) = 1. Let g(i) = -i**3 - 5*i**2 + 5*i - 18. Let u(q) = g(q) + 4*r(q). What is the remainder when u(-7) is divided by 14?
7
Let r = 11 - -5. Let d(f) be the second derivative of -f**3/3 + 5*f**2 + 9*f. What is the remainder when d(-10) is divided by r?
14
Let n(t) = -t**3 + t**2 - t + 1044. Calculate the remainder when n(0) is divided by 19.
18
Let c(f) = f**2 + 4*f + 2. Let d(p) = p**2 + 2*p + 1. Suppose 9 = -2*u - u. Let t(j) = u*c(j) + 5*d(j). Calculate the remainder when 9 is divided by t(2).
0
Suppose -1155 + 243 = -12*n. What is the remainder when n is divided by 13?
11
Suppose -21*j + 23*j = 6. Suppose -3*y - 1 - 5 = 0, 5*g - 201 = j*y. Let q(w) = -3*w - 1. Calculate the remainder when g is divided by q(-7).
19
What is the remainder when 99 is divided by 2/((-4428)/(-441) + -10)?
1
Suppose 3*r = -5 - 1, 4*r = 5*a + 1442. Let z = a + 421. Suppose -w + 0*w + 70 = -4*l, -l = 2*w - z. What is the remainder when w is divided by 23?
20
Let v be (-1 - -2)/(1/(-4)). Let r be 1 + v + (-3 - 0). Let k = 9 - r. Calculate the remainder when 29 is divided by k.
14
Let h be -3*(-6)/(-45) + (-36)/10. Let v(y) = -16*y - 39. What is the remainder when 173 is divided by v(h)?
23
Let l = 2 + 1. Let q be l - (0/(-2) - -1). Suppose 0 = -q*u + 3*u - 59. Calculate the remainder when u is divided by 15.
14
Suppose -12*r = -0*r - 468. Suppose 0*u - 21 = -u. What is the remainder when r is divided by u?
18
Suppose 0 = h + 2*u - 4, -h - 2*h = 4*u - 8. Suppose 2*q = h, -l - l - 3*q + 40 = 0. What is the remainder when 58 is divided by l?
18
Suppose -33*f + 133 = -14*f. What is the remainder when 110 is divided by f?
5
Let z = 41 - 38. Suppose -8*n = -z*n - 25, -4*s = -n - 67. What is the remainder when s is divided by 11?
7
Let w(l) = 2*l**2 - 7*l - 1. Let p = 21 - -34. Calculate the remainder when p is divided by w(5).
13
Let n = 193 + -121. Let s = 1191 + -1176. What is the remainder when n is divided by s?
12
Suppose -3*c + 7*c + 24 = 0. What is the remainder when 94 is divided by (-6)/(-4)*c/(-9) - -11?
10
Let i = -94 - -322. Let b = i + 4. What is the remainder when b is divided by 47?
44
Suppose -33 = -m + 3*j, 2*m + 59 = -4*j + 75. Suppose -4*h + 13 = 3*p, -3*h + 5 = p - 11. What is the remainder when m is divided by h?
4
Let n(b) = b**3 - 6*b**2 - b + 22. Calculate the remainder when 62 is divided by n(6).
14
Let b(j) = 3*j + 23. Let l be b(-6). Suppose 229 = 4*c + 2*r - 99, -440 = -5*c + l*r. What is the remainder when c is divided by 17?
16
Let n = -12 + 15. Suppose -n*m = -138 - 117. Let l = 171 - m. What is the remainder when l is divided by 22?
20
Let g(h) = -91*h + 386. Calculate the remainder when 261 is divided by g(4).
19
Suppose -5*f = 5*d - 160, 7 - 3 = -2*f. Calculate the remainder when d is divided by 20.
14
Suppose 3*r = 7*r + 3*n - 5, -3*r = 2*n - 4. Suppose 3*x - r*x - 18 = 0. Suppose -x*f = -14*f - 52. What is the remainder when 38 is divided by f?
12
Suppose -14 = 2*b - 4*b. Let p(d) = -d**2 + 33*d + 39. Let j be p(34). Let n = j + b. What is the remainder when 22 is divided by n?
10
Suppose d = -4*q + 161, 2*q + 0*d = -d + 81. Let k = -13 + q. Let z = 185 - 170. Calculate the remainder when k is divided by z.
12
Let d = 1118 - 1076. Calculate the remainder when 83 is divided by d.
41
Suppose 3*b + 2*d = -b + 520, -264 = -2*b + d. What is the remainder when b is divided by 68?
63
Let t(k) = -2*k - 3. Let u = 3 - 6. Let d = -463 - -474. Calculate the remainder when d is divided by t(u).
2
Let o(l) = l + 16. Suppose 0 = -5*z + c - 6 + 51, 5*c - 9 = -z. What is the remainder when o(0) is divided by z?
7
Calculate the remainder when 75/((-2)/((-48)/8)) is divided by 57.
54
Let c(k) = -95*k + 88. What is the remainder when c(-10) is divided by 65?
63
Let r(g) = 33*g**3 + 3*g**2 + 9*g - 11. Let d = 1 - -4. What is the remainder when r(1) is divided by d?
4
Let m be -24*((-3)/6 - 0). Let l be 3*-4 - (-24)/m. Let b = 13 + l. What is the remainder when b is divided by 2?
1
Let k(c) = -c**2 - 8*c - 6. Suppose -n - 5 = -3*t, 0 = t + 3*n - 5*n + 5. Suppose 5*g - t - 17 = 0. What is the remainder when k(-5) is divided by g?
1
Let w = -118 + 124. Calculate t